e -4 = 12*g - 100. Suppose 0*l + g*l = 768. What are the prime factors of l?
2, 3
Let d(l) = -l**2 - 13*l + 19. Let g(b) = 14*b**3 + 1. Let a be g(-1). Let q be d(a). Suppose -2 = r - q. List the prime factors of r.
17
Let x be 5/(-10)*(-3 + 1). Let h = x - -9. List the prime factors of (255/h)/(6/8).
2, 17
Suppose 2*a - 5*w - 5 = 4*a, 3*a - 4*w = 4. Suppose a = 5*v - 20 - 25. Suppose -y - v + 35 = 0. List the prime factors of y.
2, 13
Let i be (0 - 4*2)*15/(-30). Suppose -7*h + 249 = -i*h. What are the prime factors of h?
83
Let n(j) = -j**2 - 6*j - 5. Let d be n(-4). Let m(i) = 79*i**3 - 9*i**2 + 6*i - 5 - 6 - 78*i**d. What are the prime factors of m(9)?
43
Suppose 0 = -4*i + 5*i - 2. Let j(s) = 30*s**2 + 9*s**2 + 5*s**2 - 8*s**i. What are the prime factors of j(1)?
2, 3
Suppose 2174 = 9*a - 8*a - j, -5*a - 4*j + 10888 = 0. What are the prime factors of a?
2, 17
Let s(l) = -8*l**3 - 9*l**2 - 13*l + 13. List the prime factors of s(-6).
5, 13, 23
Suppose -2*m + 6*m = 5*b + 126, -4*m = -4*b - 128. Suppose -m = -3*j - 2*a, -4*j = -4*a - 40 - 12. Let k = -6 + j. What are the prime factors of k?
2, 3
Let b(l) = -l**2 + 12*l - 9. Let m be b(10). Let a = 27 - m. Suppose -z - 4*u = -0*u - 15, -z - 5*u = -a. List the prime factors of z.
11
Let j(c) be the second derivative of c**5/20 + 3*c**4/4 - 2*c**3 - 3*c**2/2 - c. Let f(a) = -a**2 - 3*a. Let o be f(-5). List the prime factors of j(o).
17
Suppose -5*a - 1069 = -4*j, 0*j + 2*j + 2*a = 512. Let t = -132 + j. List the prime factors of t.
3, 43
Let d be (-1)/2*60/5. Let m(n) = 2*n**2 - 8*n - 48. List the prime factors of m(d).
2, 3
Let c(p) = 48*p - 381. What are the prime factors of c(27)?
3, 5, 61
Suppose 0 = 9*v - 5999 + 5297. What are the prime factors of v?
2, 3, 13
Suppose 6*r = -4*r + 1120. List the prime factors of r.
2, 7
Let t = 782 + -165. What are the prime factors of t?
617
Let f be (1 - 5)*(-364)/8. Suppose 9*t - 74 = -f. Let q(m) = -m**2 - 12*m + 24. What are the prime factors of q(t)?
2, 3
Suppose -2*l + 3*y + 1 + 12 = 0, -3 = 3*l + 3*y. List the prime factors of l/(-6) + (-1002)/(-9).
3, 37
Let z(r) be the second derivative of -7*r**5/20 + 8*r. Let i be z(1). Let k = i + 47. List the prime factors of k.
2, 5
List the prime factors of (1/((-4)/818))/(2/(-4)).
409
Let w = 3 - -1. Suppose 4*k = -3*p + 16, 0 = 6*p - 4*p + w*k - 12. What are the prime factors of (-404)/(-12) + p/(-6)?
3, 11
Let y(k) = 4*k**2 - k - 1. Let p be y(-1). Suppose -p*q = -45 + 149. Let c = 10 - q. What are the prime factors of c?
2, 3
Suppose -4*o - 3*r + 9230 = 0, 11*r + 4616 = 2*o + 12*r. List the prime factors of o.
2309
Let j(m) = m**2 + 14*m + 4. Let g be j(-14). What are the prime factors of ((-12)/18)/(g/(-414))?
3, 23
Let w be (-1 - 72/(-8)) + 7. Suppose -15 + 3 = 2*b. What are the prime factors of b/w - (-81)/15?
5
Let w = -51 - -87. Let c = -15 + w. Suppose 3*f = -3, 2*g - c = f + 32. List the prime factors of g.
2, 13
Suppose -5*i + 2*n + n + 28 = 0, -4*n + 11 = 3*i. Suppose 161 = 3*q + 2*r, -2*q + 5*r = -i - 115. List the prime factors of q.
5, 11
Suppose 2*x + 2*v - 1252 = 704, 4*x + 5*v - 3916 = 0. List the prime factors of x.
2, 487
Suppose 9*u = 1 + 8. Let p = u + 304. What are the prime factors of p?
5, 61
Suppose 29*c - 31*c + 28 = 0. Let o(h) = h**2 - 12*h - 14. List the prime factors of o(c).
2, 7
Let q(c) = -c**2 + 15*c - 6. Let k be q(15). List the prime factors of ((-477)/k)/((-3)/(-2)).
53
Suppose -2*w + 60 = 4*w. Suppose 8*p + 134 = w*p. What are the prime factors of p?
67
Let f(i) = 2*i**2 + 5*i + 26. Suppose -4*b - 2*t - 47 = -3*t, 2 = -b - 3*t. List the prime factors of f(b).
3, 71
Let y = 2232 - 859. List the prime factors of y.
1373
Suppose 0 = 48*q - 53032 + 17704. List the prime factors of q.
2, 23
Let j(y) = -3*y + 1. Let a be j(-1). Suppose 7*m - a*m - 108 = 0. Let t = -21 + m. List the prime factors of t.
3, 5
Let t = -906 - -1635. List the prime factors of t.
3
Let r be 10*63/6 - 1. Suppose 0 = 5*q - r - 181. List the prime factors of q.
3, 19
List the prime factors of (-5)/3 - 610662/(-234) - 2.
2, 1303
Suppose 3*j = -j - 24. Let t be (-30)/6*-3*(-2)/5. List the prime factors of 4/t + (-130)/j.
3, 7
Let l = 1072 - 480. What are the prime factors of l?
2, 37
Let j(u) = u**2 - 8. Let f be j(7). Suppose 2*b - 35 = f. List the prime factors of b.
2, 19
Let p(r) = r**3 - 13*r**2 + 12*r + 1. Let s be p(12). Suppose -6*k + 3*k + 45 = 0. Let t = k - s. List the prime factors of t.
2, 7
Let d be (-6)/((1 - -7)/(-4)). List the prime factors of d/(-9) + 266/6.
2, 11
Let v = -2 + 1. Let r(g) = -263*g**3 + g + 1. What are the prime factors of r(v)?
263
Let a(i) = i**2 + i - 4. Let t be a(0). List the prime factors of (-1 + (-1654)/t)*(-4)/(-6).
5, 11
Let k(g) = -65*g + 1. Let n be k(-11). Suppose 0 = -4*p - 2*s + 694 + 34, -s - n = -4*p. List the prime factors of p.
2, 3, 5
Suppose 0 = -3*b - 9 - 3. Let c(w) be the second derivative of -w**5/20 - w**4/6 + w**3/2 + w**2 + 5*w. List the prime factors of c(b).
2, 11
Suppose 5*h = 5*a - 95, 53 = 3*a - 8*h + 7*h. Suppose 6*c = a*c - 1881. List the prime factors of c.
3, 19
Let d = 342 + -227. Let y be 1/2 - 14/(-4). Suppose -y*v + d = v. What are the prime factors of v?
23
Let n(f) = -18*f - 164. List the prime factors of n(-27).
2, 7, 23
Suppose -3*b + 2*b - 10 = -4*f, 0 = -2*b - 4. Suppose f*m - 7*m + l = -305, 5*m = -5*l + 275. Let p = m - 32. What are the prime factors of p?
2, 7
Suppose 4 = -18*g + 20*g. Suppose 3*r = g*t + r - 52, -1 = r. What are the prime factors of t?
5
Let m = 186 - -569. List the prime factors of m.
5, 151
Suppose -5*j + 2*n = -51, 0*n = -2*j + 2*n + 24. Suppose -239 = j*f - 914. What are the prime factors of f?
3, 5
Suppose -2*r + o = -533, -o + 4*o = -2*r + 545. Let x = 467 - r. What are the prime factors of x?
199
Let g(d) = 852*d - 4. What are the prime factors of g(1)?
2, 53
Let i be 9*(1 - -1) - 0. Let p = 2 - i. What are the prime factors of (-4)/p + (-62)/(-8)?
2
Suppose -2*m = -0*m + 12. Let h(o) = -54*o + 11. Let n(i) = 18*i - 4. Let v(q) = m*h(q) - 17*n(q). List the prime factors of v(1).
2, 5
Suppose -3*b + u - 5 = -4*u, -u - 2 = 0. Let v(i) = -18*i - 12. List the prime factors of v(b).
2, 3, 13
Suppose 5*p - 380 = 495. Suppose -6*y = -y - p. What are the prime factors of y?
5, 7
List the prime factors of (-6 + (-17)/(-6))*-2*54.
2, 3, 19
Let n(k) = -k**3 - 2*k**2 + 30. Let w be 0/(-10)*(10/4 - 2). What are the prime factors of n(w)?
2, 3, 5
Let k(y) = 7*y**2 + 2*y - 3. Let s(l) = -20*l**2 - 5*l + 8. Let d(h) = -17*k(h) - 6*s(h). Let n be d(2). List the prime factors of (10/6)/(n/(-15)).
5
Suppose 0 = -4*h + 5*w + 297, 5*h - 63 = 2*w + 287. Suppose 111 = -4*x - 9. Let u = h + x. List the prime factors of u.
2, 19
Suppose 5*t - 15 = 2*t. Suppose -135 = -4*l - 0*u + u, 2*u + 168 = t*l. What are the prime factors of l?
2, 17
Let f(a) = 5*a**2 - 65*a - 24. List the prime factors of f(-8).
2, 3, 17
Let q be 6 - ((-4)/(-3))/(8/(-12)). Suppose -2*h + 10 = -0*h, -g = 5*h - 34. Let w = g + q. List the prime factors of w.
17
Suppose -t + 498 = -5*d, -16*d = -2*t - 13*d + 1017. What are the prime factors of t?
3, 19
Let c(n) = 3*n**3 - 44*n**2 + 64*n - 43. Let t(s) = -2*s**3 + 29*s**2 - 43*s + 29. Let h(v) = 5*c(v) + 7*t(v). What are the prime factors of h(16)?
2, 3
List the prime factors of 135345/375 - 6/(-75).
19
Let y(u) = -21 - 3*u**2 - 2*u**2 + 5*u**2 - u**2 - 14*u. What are the prime factors of y(-9)?
2, 3
Suppose -2*j - 11320 = -5*d, 2*d + 2*j + 1717 = 6245. List the prime factors of d.
2, 283
Suppose 16*i - 20*i + 64 = 0. Suppose 0 = -4*u - 5 + 33. Let g = u + i. What are the prime factors of g?
23
What are the prime factors of -1 - (-4)/(-3)*(-708 - -33)?
29, 31
Let i = -98 - -265. What are the prime factors of i?
167
Suppose -456 = -34*l + 22*l. What are the prime factors of l?
2, 19
Suppose -7*a + 6 = -5*a. Suppose 92 + 28 = a*q. List the prime factors of q.
2, 5
Suppose -3*d + 63 = -2*b + 5, -d = b - 26. Let k = d + -14. What are the prime factors of (-2)/k - (-579)/12?
2, 3
Let l(s) = s**3 - s**2 - s + 1. Let h be l(1). Suppose 3*a - 13 = -w, 0*a + a + 1 = h. Let p = 23 - w. List the prime factors of p.
7
Suppose 0 = 5*x + 19 - 1549. What are the prime factors of x?
2, 3, 17
Suppose -36*r + 4*r + 